8598 is divided by 183.
180
Calculate the remainder when 1191 is divided by 8.
7
Calculate the remainder when 29 is divided by 5.
4
Calculate the remainder when 402 is divided by 14.
10
Calculate the remainder when 58 is divided by 10.
8
What is the remainder when 160 is divided by 42?
34
What is the remainder when 33 is divided by 7?
5
What is the remainder when 297 is divided by 17?
8
Calculate the remainder when 79 is divided by 3.
1
Calculate the remainder when 127 is divided by 34.
25
What is the remainder when 122 is divided by 116?
6
What is the remainder when 868 is divided by 48?
4
Calculate the remainder when 2422 is divided by 25.
22
What is the remainder when 304 is divided by 244?
60
Calculate the remainder when 49 is divided by 43.
6
What is the remainder when 1123 is divided by 1033?
90
Calculate the remainder when 55 is divided by 9.
1
What is the remainder when 918 is divided by 301?
15
Calculate the remainder when 491 is divided by 122.
3
Calculate the remainder when 555 is divided by 182.
9
What is the remainder when 933 is divided by 4?
1
What is the remainder when 38 is divided by 26?
12
Calculate the remainder when 59 is divided by 54.
5
Calculate the remainder when 99 is divided by 32.
3
What is the remainder when 477 is divided by 78?
9
Calculate the remainder when 1070 is divided by 51.
50
Calculate the remainder when 541 is divided by 136.
133
Calculate the remainder when 540 is divided by 143.
111
Calculate the remainder when 137 is divided by 7.
4
What is the remainder when 1626 is divided by 34?
28
Calculate the remainder when 537 is divided by 45.
42
Calculate the remainder when 1241 is divided by 242.
31
What is the remainder when 351 is divided by 119?
113
Calculate the remainder when 5080 is divided by 337.
25
What is the remainder when 92 is divided by 50?
42
What is the remainder when 8851 is divided by 18?
13
What is the remainder when 3606 is divided by 1202?
0
Calculate the remainder when 456 is divided by 126.
78
What is the remainder when 503 is divided by 9?
8
Calculate the remainder when 2968 is divided by 90.
88
What is the remainder when 806 is divided by 11?
3
Calculate the remainder when 44909 is divided by 56.
53
What is the remainder when 9711 is divided by 8?
7
What is the remainder when 119 is divided by 8?
7
What is the remainder when 266 is divided by 45?
41
Calculate the remainder when 366 is divided by 172.
22
Calculate the remainder when 458 is divided by 32.
10
Calculate the remainder when 713 is divided by 103.
95
Calculate the remainder when 108 is divided by 79.
29
Calculate the remainder when 404 is divided by 58.
56
What is the remainder when 223 is divided by 55?
3
What is the remainder when 70 is divided by 11?
4
Calculate the remainder when 58 is divided by 13.
6
What is the remainder when 49 is divided by 18?
13
What is the remainder when 535 is divided by 10?
5
Calculate the remainder when 5000 is divided by 91.
86
Calculate the remainder when 478 is divided by 133.
79
Calculate the remainder when 119 is divided by 12.
11
What is the remainder when 548 is divided by 9?
8
What is the remainder when 141 is divided by 21?
15
Calculate the remainder when 207 is divided by 35.
32
Calculate the remainder when 2938 is divided by 77.
12
Calculate the remainder when 304 is divided by 26.
18
What is the remainder when 27 is divided by 5?
2
What is the remainder when 945 is divided by 76?
33
What is the remainder when 296 is divided by 43?
38
Calculate the remainder when 249 is divided by 18.
15
What is the remainder when 193 is divided by 28?
25
What is the remainder when 1400 is divided by 419?
143
Calculate the remainder when 636 is divided by 340.
296
What is the remainder when 333 is divided by 71?
49
Calculate the remainder when 2669 is divided by 89.
88
What is the remainder when 803 is divided by 37?
26
Calculate the remainder when 537 is divided by 126.
33
What is the remainder when 101 is divided by 50?
1
What is the remainder when 185 is divided by 48?
41
What is the remainder when 297 is divided by 286?
11
Calculate the remainder when 224 is divided by 57.
53
What is the remainder when 131 is divided by 41?
8
What is the remainder when 2548 is divided by 5?
3
What is the remainder when 166 is divided by 24?
22
Calculate the remainder when 55 is divided by 32.
23
What is the remainder when 81 is divided by 11?
4
What is the remainder when 576 is divided by 6?
0
Calculate the remainder when 8786 is divided by 2922.
20
What is the remainder when 901 is divided by 438?
25
What is the remainder when 149 is divided by 38?
35
Calculate the remainder when 4142 is divided by 14.
12
What is the remainder when 15042 is divided by 15?
12
What is the remainder when 2040 is divided by 228?
216
What is the remainder when 18 is divided by 12?
6
Calculate the remainder when 71 is divided by 39.
32
What is the remainder when 853 is divided by 95?
93
Calculate the remainder when 64 is divided by 21.
1
What is the remainder when 137 is divided by 128?
9
What is the remainder when 94 is divided by 21?
10
Calculate the remainder when 1176 is divided by 59.
55
Calculate the remainder when 4950 is divided by 177.
171
What is the remainder when 573 is divided by 279?
15
Calculate the remainder when 145 is divided by 9.
1
Calculate the remainder when 149 is divided by 8.
5
Calculate the remainder when 153 is divided by 14.
13
Calculate the remainder when 531 is divided by 81.
45
Calculate the remainder when 4616 is divided by 44.
40
Calculate the remainder when 193 is divided by 7.
4
What is the remainder when 314 is divided by 29?
24
Calculate the remainder when 18 is divided by 11.
7
What is the remainder when 262 is divided by 22?
20
Calculate the remainder when 317 is divided by 29.
27
What is the remainder when 138 is divided by 77?
61
What is the remainder when 94 is divided by 14?
10
What is the remainder when 1121 is divided by 25?
21
What is the remainder when 875 is divided by 278?
41
Calculate the remainder when 468 is divided by 19.
12
What is the remainder when 444 is divided by 75?
69
Calculate the remainder when 151 is divided by 5.
1
What is the remainder when 76 is divided by 50?
26
Calculate the remainder when 44 is divided by 21.
2
What is the remainder when 151 is divided by 29?
6
What is the remainder when 197 is divided by 100?
97
Calculate the remainder when 68 is divided by 37.
31
What is the remainder when 46 is divided by 6?
4
Calculate the remainder when 52 is divided by 22.
8
What is the remainder when 193 is divided by 65?
63
What is the remainder when 514 is divided by 110?
74
What is the remainder when 124 is divided by 64?
60
Calculate the remainder when 104 is divided by 9.
5
Calculate the remainder when 211 is divided by 19.
2
What is the remainder when 119 is divided by 62?
57
Calculate the remainder when 1042 is divided by 253.
30
What is the remainder when 259 is divided by 73?
40
What is the remainder when 170 is divided by 22?
16
What is the remainder when 49 is divided by 34?
15
What is the remainder when 315 is divided by 119?
77
What is the remainder when 251 is divided by 238?
13
What is the remainder when 120 is divided by 118?
2
Calculate the remainder when 1480 is divided by 6.
4
Calculate the remainder when 172 is divided by 44.
40
Calculate the remainder when 1878 is divided by 110.
8
What is the remainder when 3675 is divided by 36?
3
What is the remainder when 479 is divided by 48?
47
What is the remainder when 201 is divided by 96?
9
What is the remainder when 1425 is divided by 177?
9
What is the remainder when 1030 is divided by 12?
10
What is the remainder when 1160 is divided by 90?
80
What is the remainder when 10598 is divided by 7?
0
Calculate the remainder when 2980 is divided by 11.
10
Calculate the remainder when 1359 is divided by 90.
9
What is the remainder when 174 is divided by 46?
36
What is the remainder when 279 is divided by 71?
66
Calculate the remainder when 1059 is divided by 18.
15
Calculate the remainder when 100 is divided by 46.
8
Calculate the remainder when 10131 is divided by 56.
51
What is the remainder when 232 is divided by 7?
1
What is the remainder when 549 is divided by 88?
21
Calculate the remainder when 107 is di